39?
False
Does 186 divide 3055236?
True
Is 23 a factor of 1109521?
False
Does 10 divide 11771400?
True
Is 255 a factor of 69615?
True
Does 49 divide 2608399?
False
Does 889 divide 325886?
False
Is 14077403 a multiple of 221?
False
Is 100751 a multiple of 259?
True
Is 186 a factor of 2425998?
True
Does 75 divide 170925?
True
Is 106 a factor of 6561950?
False
Is 1091832 even?
True
Is 81455 a multiple of 5?
True
Does 174 divide 1044000?
True
Is 6568833 a multiple of 383?
True
Is 245193 a multiple of 61?
False
Is 521990 a multiple of 434?
False
Is 299336 a multiple of 31?
True
Is 132 a factor of 4472160?
True
Does 500 divide 90000?
True
Is 69 a factor of 97911?
True
Is 12 a factor of 440464?
False
Is 1226541 a multiple of 21?
False
Does 46 divide 207092?
True
Is 127957 a multiple of 199?
True
Is 259 a factor of 7847484?
False
Does 725 divide 13761225?
True
Does 151 divide 391090?
True
Is 3 a factor of 28401?
True
Is 25 a factor of 131236?
False
Is 105 a factor of 165135?
False
Is 522 a factor of 1404180?
True
Does 24 divide 4730647?
False
Does 22 divide 210078?
True
Is 60 a factor of 43261?
False
Is 30 a factor of 30660?
True
Is 1628347 even?
False
Does 442 divide 2234486?
False
Is 54 a factor of 1887894?
True
Is 53 a factor of 6062471?
False
Does 3 divide 80922?
True
Is 356026 a multiple of 181?
False
Is 970079 a multiple of 2?
False
Does 10 divide 1111140?
True
Does 224 divide 2183169?
False
Does 13 divide 9212970?
True
Is 171 a factor of 2816?
False
Does 4 divide 201744?
True
Is 237940 a multiple of 20?
True
Is 15 a factor of 1461083?
False
Is 16963 a multiple of 8?
False
Is 1378 a multiple of 2?
True
Is 88380 a multiple of 8?
False
Is 17 a factor of 8147522?
True
Is 95 a factor of 661200?
True
Does 2 divide 112091?
False
Is 51 a factor of 21587?
False
Is 1136 a factor of 1032761?
False
Does 262 divide 1485865?
False
Does 24 divide 936?
True
Is 20 a factor of 237903?
False
Is 15742929 a multiple of 23?
False
Does 168 divide 182112?
True
Does 47 divide 5232373?
False
Is 134589 a multiple of 221?
True
Does 218 divide 1054466?
True
Is 69 a factor of 27801121?
False
Is 1658 a factor of 8795690?
True
Is 7564047 a multiple of 1051?
True
Is 224 a factor of 28133?
False
Is 543566 a multiple of 720?
False
Does 1457 divide 1072352?
True
Is 124681 a multiple of 41?
True
Is 87 a factor of 102229?
False
Is 1044476 a multiple of 18?
False
Does 9 divide 38716?
False
Does 65 divide 4928625?
True
Is 204336 a multiple of 54?
True
Does 13 divide 634634?
True
Does 138 divide 823032?
True
Is 89 a factor of 141599?
True
Is 1264830 a multiple of 399?
True
Is 49830 a multiple of 22?
True
Is 18 a factor of 68130?
True
Is 226 a factor of 1235929?
False
Is 94 a factor of 32994?
True
Is 732103 a multiple of 191?
True
Does 20 divide 252297?
False
Is 1660770 a multiple of 8?
False
Does 21 divide 593229?
True
Does 255 divide 114657?
False
Is 82 a factor of 500225?
False
Is 54636 a multiple of 12?
True
Is 5037123 a multiple of 17?
False
Is 47 a factor of 3559686?
True
Is 278712 a multiple of 147?
True
Is 7512 a multiple of 8?
True
Is 3 a factor of 443161?
False
Is 30 a factor of 346200?
True
Is 8 a factor of 3880729?
False
Is 88 a factor of 156816?
True
Does 7 divide 145711?
False
Is 125 a factor of 185621?
False
Is 1503380 a multiple of 5?
True
Does 3 divide 114877?
False
Does 74 divide 1025270?
True
Does 116 divide 111732?
False
Is 30577 even?
False
Does 132 divide 163378?
False
Is 257486 a multiple of 2?
True
Is 1030077 a multiple of 512?
False
Is 34 a factor of 106277?
False
Is 278 a factor of 138105?
False
Does 193 divide 7312770?
True
Does 486 divide 428647?
False
Does 6 divide 15800?
False
Is 14 a factor of 871717?
False
Is 218158 a multiple of 49?
False
Is 124195 a multiple of 5?
True
Does 63 divide 5393430?
True
Does 198 divide 894597?
False
Is 6816839 a multiple of 19?
True
Does 215 divide 529760?
True
Does 63 divide 479808?
True
Is 10800 a multiple of 18?
True
Is 189 a factor of 67958?
False
Does 7 divide 9897896?
False
Does 52 divide 169520?
True
Is 20 a factor of 251113?
False
Is 5500370 a multiple of 10?
True
Is 226 a factor of 959020?
False
Does 29 divide 2044645?
True
Is 99232 a multiple of 7?
True
Does 19 divide 194781?
False
Is 64043 a multiple of 322?
False
Is 340184 a multiple of 71?
False
Does 11 divide 400942?
False
Is 75 a factor of 5220798?
False
Does 312 divide 279240?
True
Does 9 divide 13411494?
True
Does 4 divide 53762?
False
Is 12768377 a multiple of 731?
True
Is 47766 a multiple of 10?
False
Is 116 a factor of 1024687?
False
Is 257963 a multiple of 21?
False
Is 38276 a multiple of 14?
True
Is 2978015 a multiple of 74?
False
Is 19016 a multiple of 7?
False
Is 869097 a multiple of 470?
False
Does 170 divide 144500?
True
Is 28 a factor of 2624?
False
Is 8 a factor of 109143?
False
Is 674 a factor of 8837036?
False
Is 314 a factor of 283070?
False
Does 51 divide 4750?
False
Does 16 divide 1206496?
True
Does 317 divide 8934645?
True
Is 213 a factor of 8495617?
False
Is 11 a factor of 8390?
False
Is 1068 a factor of 1046358?
False
Is 26548431 a multiple of 139?
False
Is 37272 a multiple of 24?
True
Is 2671343 a multiple of 20?
False
Is 17 a factor of 428651?
False
Does 58 divide 1649777?
False
Is 16 a factor of 309632?
True
Is 5499384 a multiple of 88?
True
Is 51156 a multiple of 126?
True
Does 19 divide 134450?
False
Does 69 divide 305394?
True
Is 144 a factor of 1547136?
True
Is 9469500 a multiple of 1180?
True
Is 1282494 a multiple of 159?
True
Is 104 a factor of 91104?
True
Is 238 a factor of 486710?
True
Is 15968988 a multiple of 189?
True
Does 11 divide 232146?
False
Does 1081 divide 4274274?
True
Is 19199 a multiple of 7?
False
Does 1237 divide 13512673?
False
Does 558 divide 63739?
False
Is 6 a factor of 2483675?
False
Is 172 a factor of 1837652?
False
Does 354 divide 127086?
True
Is 296 a factor of 1144336?
True
Does 13 divide 1626395?
False
Does 16 divide 71311?
False
Is 7 a factor of 60433?
False
Is 142020 a multiple of 20?
True
Does 10 divide 99150?
True
Does 100 divide 253162?
False
Does 3 divide 20894?
False
Is 12 a factor of 50386?
False
Does 21 divide 33348?
True
Is 41208 a multiple of 5?
False
Is 14 a factor of 4209660?
True
Is 1574819 a multiple of 38?
False
Is 361 a factor of 13983400?
False
Is 14467 a multiple of 360?
False
Is 477 a factor of 1288538?
False
Is 3991960 a multiple of 424?
True
Is 499800 a multiple of 700?
True
Does 383 divide 438435?
False
Is 1834119 a multiple of 36?
False
Is 595595 a multiple of 245?
True
Is 2351834 a multiple of 67?
True
Does 10 divide 76310?
True
Is 144 a factor of 112496?
False
Is 136317 a multiple of 4?
False
Is 12 a factor of 2720787?
False
Is 19 a factor of 74993?
True
Is 74 a factor of 2594?
False
Does 55 divide 24515?
False
Does 6 divide 2676?
True
Does 7 divide 225624?
True
Does 86 divide 178794?
True
Is 4068090 a multiple of 195?
True
Is 16 a factor of 363618?
False
Is 96850 a multiple of 298?
True
Is 514846 a multiple of 19?
False
Does 12 divide 3795270?
False
Is 3 a factor of 179700?
True
Is 3630852 a multiple of 23?
False
Is 125 a factor of 1002375?
True
Is 281 a factor of 2082193?
False
Does 9 divide 34614?
True
Does 9 divide 457708?
False
Does 16 divide 89472?
True
Is 204 a factor of 74381?
False
Is 254145 a multiple of 15?
True
Is 2 a factor of 348924?
True
Does 4 divide 183898?
False
Is 1490862 a multiple of 9?
False
Does 348 divide 44544?
True
Does 65 divide 6205680?
True
Is 12 a factor of 16483?
False
Is 76 a factor of 523012?
False
Does 229 divide 722495?
True
Is 14 a factor of 1318291?
False
Is 4097186 a multiple of 4?
False
Is 181 a factor of 3576924?
False
Is 511665 a multiple of 15?
True
Is 560209 a multiple of 334?
False
Does 112 divide 307888?
True
Is 57 a factor of 1174531?
False
Is 5999520 a multiple of 1160?
True
Is 116664 a multiple of 24?
True
Is 4 a factor of 1408?
True
Does 66 divide 8657088?
True
Is 62 a factor of 137516?
True
Does 42 divide 70591?
False
Is 93 a factor of 280601?
False
Is 22 a factor of 1386110?
True
Does 15 divide 33000?
True
Does 51 divide 751740?
True
Does 33 divide 839923?
False
Does 17 divide 19465?
True
Does 13 divide 303030?
True
Does 34 divide 10475589?
False
Is 1573095 a multiple of 17?
True
Is 180 a factor of 688384?
False
Is 4433004 